l + 1. Determine i(n).
-21
Suppose -7*d = -3*d + 3*w + 20, -4 = -d - 3*w. Let u(r) = -r**3 - 7*r**2 + 3*r. Let j(l) = -l**3 - 7*l**2 + 4*l. Let y(b) = -6*j(b) + 5*u(b). Determine y(d).
8
Let k(l) = -1908*l - 2 + 1915*l + 5. What is k(-2)?
-11
Let y(t) = 22*t + 20. Let h(w) = 8*w + 7. Let o(l) = -8*h(l) + 3*y(l). Determine o(-4).
-4
Let p(l) = -18*l - l**2 - 275*l + 297*l - l**3. Let i(h) = 2*h - 1. Let v be i(2). Suppose -v*m - 9 = -0*m. Calculate p(m).
6
Let z(r) = 4*r**2 - r - 2. Let x be z(-1). Let d(k) be the first derivative of -k**2/2 + 38. What is d(x)?
-3
Let b(u) be the first derivative of -u**5/60 + 5*u**4/24 + u**3/6 - 5*u**2/2 - 9. Let v(p) be the second derivative of b(p). Let c = 0 - -6. Determine v(c).
-5
Let n(l) be the third derivative of l**6/120 + l**5/10 + l**4/8 - 2*l**3 - 9*l**2. Let v be n(-5). Let j be (1 + -2 + 1)/v. Let q(a) = -a**3 - a + 1. Give q(j).
1
Let c(g) = -2*g**2 - 4*g - 2. Let z(q) = q**2 + q. Let d(p) = -c(p) - 4*z(p). Calculate d(2).
-6
Suppose -16 = y - 5*c + 127, -3*y - c - 349 = 0. Let p = y - -124. Let x(t) = -t**3 + 5*t**2 + 6*t. Calculate x(p).
0
Let h(w) = w**2 - 7*w + 14. Suppose -r = -4*r + 21. Let b be h(r). Let l = b + -10. Let u(a) = -3*a + 2. Give u(l).
-10
Let s(g) = -g**3 + 2*g**2 + 3*g + 11. Let z(n) be the third derivative of -n**5/60 - n**3/6 - n**2. Let o(y) = -s(y) - 6*z(y). Calculate o(-4).
7
Let x(q) be the third derivative of 0 - 4*q**2 - 1/6*q**3 - 5/24*q**4 + 0*q. What is x(1)?
-6
Let u(t) = 3*t. Let a be (-40)/50*(-5)/(-2). Let g be u(a). Let s(x) = -x**3 - 7*x**2 - 5*x - 9. Determine s(g).
-15
Let v(u) be the first derivative of u**4/4 + 5*u**3 - u**2 - 23*u + 859. Give v(-15).
7
Let f(u) = -2*u - 19. Let o(t) = t + 15. Let l(m) = -3*f(m) - 4*o(m). Let q be (-38)/4*(0 - 2). Suppose 0 + 1 = z, 4*z = -3*b + q. What is l(b)?
7
Let w be -116 - 8 - -1*(1 + 1). Let n = 122 + w. Let q(l) = l**3 + 11. Calculate q(n).
11
Suppose 0 = 2*j + 7*j - 270. Let y be 12/(-5) + 12/j. Let b(k) = -k**3 + 3*k + 2. What is b(y)?
4
Let f(u) = -u - 2. Let x(s) = -1. Let d(r) = f(r) - 6*x(r). Let b be 1*(0 + -3)/(-1). Determine d(b).
1
Suppose 0 = -8*n + 7*n - 1. Let s be 0*(0 + 1) - n. Let d(z) = 6*z - 1. Give d(s).
5
Let t(o) be the first derivative of o**2/2 + 5*o - 338. What is t(12)?
17
Let k(s) = s + 4. Suppose 0 = -2*g - 5 - 1. Let o be k(g). Let j(m) = o - 3*m**3 + 0*m**3 + 3*m**2 + 2*m**3 - 2*m**2. Calculate j(0).
1
Let a(p) = p**3 + 6*p**2 + 2*p - 1. Let l = 419 + -425. Calculate a(l).
-13
Let p(g) = g - 126 + 251 - 130. What is p(8)?
3
Let q = -28 + 33. Suppose 2*c - q = -5*m, m - 5*c + 31 - 5 = 0. Let x(n) = -n**3 + n**2 - 1. What is x(m)?
1
Let q be (-9)/(-27)*(0 - -225). Let h be (-4)/16 + q/12. Let v(b) = b - 12. Let m be v(h). Let i(f) = -f**2 - 6*f + 6. Calculate i(m).
6
Let v(d) = -d**3 + 3*d**2 + 1. Let j = -16 - -38. Let r = -12 + j. Let g be (-5)/2*(-12)/r. Determine v(g).
1
Let s(o) = 3*o**2 - o - 2. Let t(d) = 14*d**2 - 9*d - 5. Let l(q) = 5*s(q) - t(q). Determine l(-6).
7
Let f = -3324 + 3322. Let x(o) = 3*o + 6. Calculate x(f).
0
Let y = 41 + -37. Suppose -2 = y*k + 34. Let z(c) = -c**2 - 8*c + 7. Determine z(k).
-2
Let y(q) = -q**2 + 24*q - 42. Let b be y(22). Suppose -7*x = -6*x + b. Let i(h) = -h**2 + 1. What is i(x)?
-3
Let i(t) be the third derivative of -1/60*t**5 + 0*t - 16*t**2 + 0 + 1/8*t**4 + 1/3*t**3. What is i(4)?
-2
Let s(o) = -3*o**2 - 7*o - 3. Let t(h) = -4*h**2 - 8*h - 2. Let j = -2 + 2. Suppose j = -2*g + g - 4. Let d(w) = g*t(w) + 5*s(w). Determine d(5).
3
Suppose 9*x - 5*x + 11 = 5*l, 0 = -x + 1. Let a(r) be the second derivative of -1/2*r**2 + 1/3*r**l - 1/12*r**4 + 0 + 3*r. Calculate a(3).
-4
Let z be (-3)/21 - 16/(-14). Suppose d = -0*d - z. Let k(h) be the third derivative of -h**6/120 - h**3/6 + 7*h**2. Give k(d).
0
Let x(r) = 8*r - 21. Suppose -8*l + 26 + 22 = 0. What is x(l)?
27
Suppose 8*c - 2*c = 6. Let w be 4 + -6 - 1 - c. Let k(j) = -j**2 - 3*j. Determine k(w).
-4
Let c(j) = -2*j + 5. Suppose n = 6 + 6. Let s = 23 - 16. Let u = n - s. Calculate c(u).
-5
Suppose j + 13 - 15 = 0. Let y = -7 + 11. Let h(d) = 3 + 1 - y*d - 3 - d**j. Give h(-4).
1
Let x(g) be the third derivative of g**4/24 + 5*g**3/6 - 306*g**2. Determine x(4).
9
Let f(r) = r**2 + 14*r + 29. Suppose -32*z + 10*z - 198 = 0. What is f(z)?
-16
Let y(x) be the first derivative of x**2 - 5*x + 126. Give y(-2).
-9
Let k be (2/5)/(2/10). Let r(z) = -z**3 + 7*z + 10 + 2*z + 2*z**2 - 8*z**k. Let h be r(-7). Let o(m) = -3*m - 6. Determine o(h).
6
Let m(a) = -1. Let g(x) = 5 - 1 + 2*x + 1. Let d(j) = -g(j) - 6*m(j). Let w be -2 + 6 - (-1 - -3). Calculate d(w).
-3
Let i(j) be the third derivative of -7*j**4/12 - j**3/2 - j**2 + 15*j. What is i(-2)?
25
Let d(c) = c**3 + 4*c**2 - 4*c + 3. Let x be (-14)/(-56) + 159/4. Let j = 29 - x. Let z be ((-5)/(-3))/(j/33). Give d(z).
-2
Let o(n) = 2*n - 1. Suppose 74 = 5*f - 11. Let k = 11 - f. What is o(k)?
-13
Let m(g) = -g**2 - g + 3. Let f be m(0). Let j(l) = 4*l**3 - 1 - 6*l**3 - 9*l**f + l**2. Let o be (((-10)/3)/5)/((-14)/(-21)). Calculate j(o).
11
Let m(f) = 7*f - 61. Let x be m(8). Let n be ((144/(-40))/(-9))/((-1)/x). Let y(l) = l**3 - l**2 + 3*l - 1. What is y(n)?
9
Suppose 42*f - 35*f - 7 = 0. Let o(c) = -1 - 3 + 5*c**2 + 3. Give o(f).
4
Let d(i) = 6*i + 5*i - 4 + 7 + 0*i. Determine d(-3).
-30
Let p(u) = -6*u + 51. Let s be p(8). Let k(g) = -2*g**3 + g**3 - 4 - s*g**2 + 0*g**3. Give k(-3).
-4
Let r = -51 + 83. Suppose -26 = -2*m - r. Let c(l) = -l**3 - 3*l**2 - 3*l - 2. Calculate c(m).
7
Let g(w) = -12 - 218*w - 10*w**2 + 429*w - w**3 - 213*w. Calculate g(-10).
8
Let c = -99 - -100. Let a be (c/(-2))/((-2)/(-8)). Let p(u) = u - 2*u + 3*u**2 + 2*u. Give p(a).
10
Let g(d) = -2*d - 27. Let s be g(-20). Suppose 0 = 4*l + 3*q - 0 + 11, q = 2*l + s. Let v(z) = z**3 + 5*z**2 - z - 6. Calculate v(l).
-1
Let u(b) = -8*b - 2*b**3 + 4*b**3 - 4*b**3 - 4 - 3*b**2 + 5*b**3. Let v(s) = s**3 - s + 1. Let x(a) = u(a) - 2*v(a). Give x(5).
14
Let x(f) = -f**3 - 2*f**2 + 2*f + 1. Suppose 29 = 5*n + 109. Let z be (n/12)/(1/(-6)). Suppose 4*j = -3*m - z, -8*m = 3*j - 3*m + 6. Give x(j).
-3
Let g(w) = -w**3 - 8*w**2 + w - 9. Let z be 41/(-5) - ((-240)/75 + 3). Give g(z).
-17
Let b(k) = -8*k**2 - 6*k + 5. Let v(h) = -14*h**2 - 10*h + 9. Let n(c) = 5*b(c) - 3*v(c). Determine n(2).
6
Let v(m) = 24*m + 1. Suppose -16*h + 15 = 31. What is v(h)?
-23
Let a(r) = 10*r + 93. Let k(w) = -7*w - 67. Let b(m) = 5*a(m) + 7*k(m). Suppose g + 1 + 4 = 0. Give b(g).
-9
Let c(a) = -4*a - 10. Suppose 0 = n + 2*g + 3, 2*g - 15 = 2*n - 3*g. Let k(b) = -2*b - 5. Let z(s) = n*k(s) + 2*c(s). Calculate z(-5).
-5
Let v(i) = -5*i**2 - 6*i. Let x(m) be the second derivative of -m**4/3 - 5*m**3/6 - m. Suppose 10*s - 18 + 78 = 0. Let p(j) = s*v(j) + 7*x(j). Determine p(-2).
6
Let v be 144/(-48)*(2 - 2/(-6)). Let g(k) = -k**2 - 6*k - 3. Give g(v).
-10
Let n(q) be the third derivative of q**6/120 + 7*q**5/30 - 2*q**4/3 - 7*q**3/6 - q**2 + 54. Determine n(-15).
8
Let s(l) = -l**2 - 4*l + 13. Let k(m) = -m**2 - 5*m + 12. Let z(y) = 5*k(y) - 4*s(y). Give z(-9).
8
Let o(z) = z**3 + 5*z**2 - z + 2. Let i = -33 + 33. Suppose -p = 5*n + 29, -8 = 4*n - 3*p - i*p. Determine o(n).
7
Let o(i) be the second derivative of 3*i**2 + 1/6*i**3 + 11*i + 0. Calculate o(-5).
1
Let s(m) = m + 1. Suppose -3*w - 4*l = 11, -l - 2 = -5*w - 5. Let x = w - 0. Let f be 0 + x + 18/3. What is s(f)?
6
Let w(l) = l**3 + 15*l**2 + 2*l + 17. Let a = -1375 + 1360. What is w(a)?
-13
Let d(u) = -u + 3. Let c be d(0). Let v(w) be the third derivative of -w**6/120 + w**5/12 - w**4/6 + 9*w**2. Give v(c).
6
Let y(z) = 2*z**2 + 2*z**2 - 3*z**2 + 3 - 6*z. Suppose -48*c + 50*c = 2*p + 4, -2*p - 5*c = -24. Determine y(p).
-5
Let g(k) = k**3 + 9*k**2 + 13*k - 1. Let r be g(-7). Let l(v) = 6 - 5*v - 23 + r + 14. Let m = 4 - 2. Calculate l(m).
-7
Let j be (-36)/9*2/(-4). Suppose -3*z + 10 = j*n - 2*z, -2*n = -4*z + 10. Let i(q) be the first derivative of q**2/2 - 5*q + 9. Calculate i(n).
-2
Let c = 236 - 230. Let p(q) = q**3 - 7*q**2 + 5*q + 5. Determine p(c).
-1
Let y(i) = -9 + 3*i - 16*i + 5*i + 9*i. Suppose -5*m - 2*z = -47, 2*z = 4*m - 15 - 19. Let b be y(m). Let o(w) = -w**2 - w - 7. What is o(b)?
-7
Let u(q) = -q - 1. Let p(v) = -12*v - 3. Le